4*k. What is the remainder when 28 is divided by x?
8
Let z = 18 - 0. Suppose -k - k + z = 0. Calculate the remainder when 15 is divided by k.
6
Suppose 0 = q - 5 - 10. What is the remainder when 58 is divided by q?
13
Let d = -38 - -55. What is the remainder when 48 is divided by d?
14
Suppose -8 = 2*i - 4*i. Calculate the remainder when i is divided by 3.
1
Suppose 9*f = 3*f + 120. Calculate the remainder when f is divided by 11.
9
Let w(h) = -h + 28. Calculate the remainder when w(-4) is divided by 12.
8
Let p(y) = -y**2 - y + 3. Let s be p(0). Suppose -s*h + 40 = -k, -3*h = k - 3*k - 38. Calculate the remainder when h is divided by (10 - 0)*12/15.
6
Let o = 11 - 8. Suppose 5*j + o*l - 179 = 0, -j - l + 23 = -12. What is the remainder when j is divided by 19?
18
Suppose 2*v - 7*v = -70. What is the remainder when v is divided by 8?
6
Let j = 18 - 17. Let n = j - -10. What is the remainder when 32 is divided by n?
10
Calculate the remainder when 128 + (2 - (-1 - 1)) is divided by 27.
24
Suppose 5*l - h = 34 - 4, 5*h = 25. What is the remainder when l is divided by 2?
1
Suppose 2*i - 6 + 0 = 0. Let s(v) = 3*v**3 - v**2 - 3*v - 3. What is the remainder when s(i) is divided by 21?
18
Let v(p) = -3*p + 3. What is the remainder when 4 is divided by v(0)?
1
Let p(s) = 33*s**2 + s. What is the remainder when 101 is divided by p(1)?
33
Suppose 5*b - 2 = 8. Let t be 4/b*(-344)/(-16). Suppose -3*q - 10 + t = 0. What is the remainder when q is divided by 6?
5
Let s(w) = 6*w**2 - w. Let l be s(4). What is the remainder when (-2)/(-6) - l/(-12) is divided by 18/4 + 3/6?
3
Let n(p) = -p**2 - 7*p + 4. Let a = 15 + -6. What is the remainder when a is divided by n(-7)?
1
Suppose 5*o + 10 = 7*o. What is the remainder when 7 is divided by o?
2
Let i(s) = s - 4. Let a be i(8). Suppose 37 = 2*q + 5*x, a*q - 2*x = 3*x + 89. Suppose -34 - q = -5*w. Calculate the remainder when 21 is divided by w.
10
Suppose 0 = 5*b - b - 24. Suppose -x + b = -4. Suppose 3*m - 78 = 3*k, 2*m - 154 = -3*m - 3*k. What is the remainder when m is divided by x?
9
Suppose v - 3*w - w - 5 = 0, 4*w = 0. What is the remainder when 11 is divided by v?
1
Let p(y) = y**2 + 14*y - 8. Calculate the remainder when 7 is divided by p(-15).
0
Calculate the remainder when (5 - -1)/(-24) + (-746)/(-8) is divided by 32.
29
Calculate the remainder when 90 is divided by 10*(3 + (-6)/12).
15
Let v(h) = h**2 - 6*h - 10. Let s be v(8). Let t be 4/8*(s + 0). Suppose -z + 2*b - 1 + 21 = 0, -5*b + 27 = t*z. What is the remainder when z is divided by 8?
6
Suppose -13 = 5*b - 88. Calculate the remainder when 43 is divided by b.
13
Suppose -2*y + 22 = 2*s, -s = 7*y - 2*y - 19. What is the remainder when 12 is divided by s?
3
Let p = 102 - 90. Calculate the remainder when p is divided by 8.
4
Let p(o) = -1. Let u(q) = -3*q - 2. Let i(w) = p(w) - u(w). What is the remainder when i(11) is divided by 18?
16
Suppose r = j - 36, 5*j + 2*r = 3*r + 164. Let g = 64 - j. What is the remainder when g is divided by 11?
10
Suppose -84 = -2*v - v. Let y(a) = -a**2. Let u(r) = 2*r**2 - r + 1. Let h(x) = -2*u(x) - 6*y(x). Calculate the remainder when v is divided by h(2).
8
Suppose 3*g - 15 = 0, 26 = -0*w + w - 3*g. Let l = -24 + w. Let v = -62 - -95. What is the remainder when v is divided by l?
16
Suppose -7*n + 2*n = -355. Suppose 2*d + q + 103 = 6*d, 3*d - 2*q = n. What is the remainder when 52 is divided by d?
25
Let h = 112 + -4. What is the remainder when h is divided by 37?
34
Let c(k) = -k**3 - 12*k**2 - 16*k - 14. Calculate the remainder when 117 is divided by c(-11).
35
Suppose 2 - 22 = -4*g. Let h = 10 - 8. Suppose 2*v - 12 = h*k + 6, 0 = 2*v - k - 23. Calculate the remainder when v is divided by g.
4
Suppose -3*x = -22 + 238. Calculate the remainder when (4/3)/((-1)/(-6)) is divided by 58/18 + 16/x.
2
Let s be 4/(-8) - 5/(-2). Suppose s*l - 73 = -21. What is the remainder when 77 is divided by l?
25
What is the remainder when 15 is divided by 8 + (-4)/6*3?
3
Let r be (-186)/(-8) + (-5)/20. Let v = -13 + r. Calculate the remainder when 19 is divided by v.
9
Suppose 2*r - 90 = 4*x, -2*x = 4*r - 3*x - 180. Calculate the remainder when r is divided by 16.
13
Let r = 2 - -3. Let y(v) = -v**2 - 5*v - 1. Let h be y(-5). What is the remainder when (0 - h)/(1/r) is divided by 3?
2
Let t = 3 - 1. Suppose t*h = -3*b + 165, 3*b + 2*h + h - 168 = 0. Calculate the remainder when b is divided by 18.
17
Let k(x) = 3*x**2 + 3*x + 2. Calculate the remainder when k(-2) is divided by -2*1 - -3 - (-2)/1.
2
Let u(p) = p**3 - 7*p**2 - p + 10. What is the remainder when 5 is divided by u(7)?
2
Let u(i) be the second derivative of i**5/10 - i**4/4 - i**3/3 - i**2 - 2*i. Suppose 0*g + 3 = g. What is the remainder when u(g) is divided by 10?
9
Suppose 0*i + 48 = 4*i. Let y = 57 - 24. Calculate the remainder when y is divided by i.
9
Suppose g + 2*s = 10, -10 = -4*s - s. Suppose 0 = 2*c - 3 - 1. Suppose 42 = c*d - 2. Calculate the remainder when d is divided by g.
4
Suppose 2*t + t = 15. What is the remainder when 42 is divided by (t - 4)/(-3)*-45?
12
Suppose 4*l - 2 = 30. Suppose -l = -5*g + 2. What is the remainder when 17 is divided by g/(-1) + (-8)/(-1)?
5
Let y(s) = s**3 + 8*s**2 - 3*s - 10. Let q = -28 + 53. Calculate the remainder when q is divided by y(-8).
11
Let r(f) = 2*f**3 + 24*f**2 + 4. What is the remainder when r(-12) is divided by 3?
1
Let t(l) = l**3 + 3*l**2 - 6*l + 5. Let h be t(-5). Let w = h + 39. What is the remainder when w is divided by 13?
11
Suppose 2*f + f + 17 = 4*j, -3*j = -3*f - 15. Calculate the remainder when 30 is divided by 11*((-1)/1 + j).
8
Suppose 4*b = 2*y - 14, 0 = 5*b - 3*y - 0*y + 18. What is the remainder when 55 is divided by 16/4 - (-13 - b)?
13
Let g(n) = -n**3 - 3*n**2 - 3*n - 3. Let w be 0 + 0 + -2 + -1. What is the remainder when 10 is divided by g(w)?
4
Let u(d) = -d**3 + 14*d**2 + 18*d - 10. Suppose 5*a - 22 = 53. Suppose -7*f + 3*f + 36 = 0. What is the remainder when u(a) is divided by f?
8
Let w be (-9)/(-2*(-3)/6). Let k = w - -15. Suppose f - k = 4. What is the remainder when 28 is divided by f?
8
What is the remainder when 41 is divided by 3/((-15)/(-80)) - 1?
11
Let g = -79 + 111. What is the remainder when 127 is divided by g?
31
Suppose 0 = -3*r + 20 + 13. Calculate the remainder when 52 is divided by r.
8
Let z be -2 + -1 - 2/(-2). What is the remainder when (4/1)/(z/(-14)) is divided by 15?
13
Let n = 45 - 21. Calculate the remainder when 95 is divided by n.
23
Suppose 17 = -2*f + 61. What is the remainder when f is divided by (2/(-4))/(1/(-26))?
9
Let m be (-4)/2*1/2. Calculate the remainder when (1 - m)*363/22 is divided by 18.
15
Let z = 2 + 8. Suppose 170*t - 188*t + 666 = 0. What is the remainder when t is divided by z?
7
Let n = 201 - 126. What is the remainder when n is divided by 19?
18
Suppose 3*t = -k + 16, 5*k + 4*t - 3*t = 52. What is the remainder when 18 is divided by k?
8
Suppose 0 = -3*i + 21 + 15. Suppose 3*t + 23 = 3*v - 2*t, 19 = 3*v - t. What is the remainder when i is divided by (v + -8)/((-2)/7)?
5
Let s = 2 - 3. What is the remainder when 3 is divided by (-2*2)/(-2) + s?
0
Suppose 0 = 7*j - 49 + 14. Calculate the remainder when 32 is divided by j.
2
Suppose -2*u + 7*u - 40 = 0. Let w(c) = -c**2 + 10*c - 11. Calculate the remainder when 13 is divided by w(u).
3
Let j = -74 + 108. Let y = 11 + j. What is the remainder when y is divided by 23?
22
Let c(m) = 7*m + 2. Suppose 5*w + 3*s + 7 - 26 = 0, -5*s + 11 = -2*w. Let n be c(w). Suppose -3*q = -7*q + n. What is the remainder when 11 is divided by q?
3
Suppose -p + 2*l = -9, 0 = 5*p + 2*l - 55 - 50. What is the remainder when 54 is divided by p?
16
Let w = 6 - 5. Suppose -4*u = -3 - w, 5*y - 11 = -u. Calculate the remainder when (102/y)/(3 + -2) is divided by 18.
15
Let u = -20 + 32. What is the remainder when 32 is divided by u?
8
Let z = -22 + 36. What is the remainder when z is divided by 4?
2
Let k(f) = -f**3 - 5*f**2 - 3*f + 5. Let h(l) = -l**2 - 6*l + 18. Calculate the remainder when h(-8) is divided by k(-4).
0
Let x(p) = 6*p + 4. Let h = 301 - 216. Calculate the remainder when h is divided by x(3).
19
Let y be (-2 - -3) + -1 - -1. Let t = -54 - -63. Calculate the remainder when (18 + -1)/1*y is divide